9 composite?
False
Is 114593 prime?
True
Is 39499 a prime number?
True
Is 24437 composite?
True
Is 504253 prime?
False
Is 1777 prime?
True
Is 196933 prime?
False
Is 1138945 prime?
False
Is 5923 prime?
True
Is 757 prime?
True
Is 31379 prime?
True
Is 48562 composite?
True
Is 496643 a prime number?
False
Is 25511 prime?
False
Is 18607 composite?
True
Is 39551 prime?
True
Is 691867 a prime number?
False
Is 219293 a composite number?
False
Is 2629 prime?
False
Is 6563 a composite number?
False
Is 449 a prime number?
True
Is 322261 prime?
True
Is 323563 a composite number?
True
Is 788549 a prime number?
True
Is 66797 a prime number?
True
Is 620581 composite?
True
Is 166429 prime?
True
Is 45247 a composite number?
False
Is 9151 prime?
True
Is 79657 prime?
True
Is 18019 a composite number?
True
Is 85381 prime?
True
Is 2601083 a prime number?
True
Is 25733 a composite number?
False
Is 12713 prime?
True
Is 76819 a prime number?
True
Is 168599 a prime number?
True
Is 74419 composite?
False
Is 534137 prime?
True
Is 24751 a composite number?
True
Is 52237 a prime number?
True
Is 90973 composite?
True
Is 4593 prime?
False
Is 251033 a composite number?
False
Is 121039 prime?
True
Is 3863 prime?
True
Is 133913 prime?
False
Is 943903 prime?
True
Is 1095647 a prime number?
False
Is 17905 composite?
True
Is 7993 a composite number?
False
Is 16871 composite?
False
Is 2101111 a prime number?
True
Is 10063 a composite number?
True
Is 234499 a composite number?
False
Is 5147 prime?
True
Is 48431 a prime number?
False
Is 4853 a composite number?
True
Is 200435 a composite number?
True
Is 942827 a composite number?
False
Is 167074 composite?
True
Is 70351 a composite number?
False
Is 34507 a composite number?
True
Is 7211 a composite number?
False
Is 628027 a composite number?
True
Is 79093 a prime number?
False
Is 329413 composite?
True
Is 70199 a prime number?
True
Is 332509 a composite number?
False
Is 3013 a prime number?
False
Is 471979 a prime number?
False
Is 75489 a composite number?
True
Is 172849 a composite number?
False
Is 4256141 a prime number?
True
Is 2773 composite?
True
Is 1087 prime?
True
Is 8251 prime?
False
Is 1193 prime?
True
Is 3163 composite?
False
Is 39247 prime?
False
Is 55763 composite?
False
Is 77641 a composite number?
False
Is 6865 a prime number?
False
Is 737 a composite number?
True
Is 2195 prime?
False
Is 285871 prime?
True
Is 15679 a prime number?
True
Is 400369 a composite number?
True
Is 42871 prime?
False
Is 8331 a prime number?
False
Is 13954 a composite number?
True
Is 4721 a prime number?
True
Is 3146249 composite?
True
Is 287855 prime?
False
Is 117391 a composite number?
True
Is 5639 composite?
False
Is 12671 a composite number?
False
Is 94414 composite?
True
Is 10843 prime?
False
Is 396833 composite?
False
Is 473971 a prime number?
True
Is 100069 a prime number?
True
Is 76737 prime?
False
Is 323699 a composite number?
False
Is 126091 composite?
True
Is 2503 a prime number?
True
Is 14009 a prime number?
True
Is 4109 a prime number?
False
Is 57055 a prime number?
False
Is 936185 a composite number?
True
Is 721079 prime?
True
Is 7909 composite?
True
Is 13591 prime?
True
Is 252079 a composite number?
False
Is 543547 composite?
True
Is 19121 a prime number?
True
Is 4831 prime?
True
Is 504103 a composite number?
False
Is 1217 prime?
True
Is 190027 a composite number?
False
Is 10223 prime?
True
Is 24547 a prime number?
True
Is 3343 prime?
True
Is 35647 composite?
True
Is 3271 prime?
True
Is 1123723 composite?
True
Is 36037 a prime number?
True
Is 235659 a prime number?
False
Is 24385 a composite number?
True
Is 14269 a composite number?
True
Is 357839 a prime number?
True
Is 3137 a composite number?
False
Is 1253 composite?
True
Is 8443 prime?
True
Is 176573 a prime number?
True
Is 4321 a prime number?
False
Is 77753 a prime number?
False
Is 13231 a composite number?
True
Is 6121 composite?
False
Is 66683 a prime number?
True
Is 1637 prime?
True
Is 13042 composite?
True
Is 1053551 a prime number?
True
Is 213091 prime?
True
Is 32135 prime?
False
Is 1973 a composite number?
False
Is 18118 prime?
False
Is 80641 composite?
True
Is 4889 prime?
True
Is 368527 prime?
False
Is 6403 a composite number?
True
Is 84157 prime?
False
Is 421103 composite?
False
Is 9257567 prime?
False
Is 182335 a prime number?
False
Is 10471 composite?
True
Is 8213 composite?
True
Is 192893 composite?
True
Is 1249 a composite number?
False
Is 38633 a prime number?
False
Is 34361 composite?
False
Is 2200679 a composite number?
True
Is 479341 a composite number?
True
Is 215051 prime?
True
Is 101627 a prime number?
True
Is 12367 a prime number?
False
Is 772403 a prime number?
True
Is 50287 prime?
True
Is 4502 composite?
True
Is 629803 composite?
False
Is 1021151 a composite number?
True
Is 651251 composite?
False
Is 23099 a prime number?
True
Is 12842 composite?
True
Is 24623 prime?
True
Is 8279 prime?
False
Is 1323223 prime?
False
Is 16085 prime?
False
Is 10687 a composite number?
False
Is 286651 prime?
True
Is 97077 a prime number?
False
Is 303409 a prime number?
True
Is 667039 a composite number?
True
Is 21587 a composite number?
False
Is 166177 prime?
False
Is 2125615 a composite number?
True
Is 99859 prime?
True
Is 265801 composite?
True
Is 1214311 composite?
True
Is 16439 a prime number?
False
Is 203531 prime?
True
Is 113614 a prime number?
False
Is 421121 a prime number?
True
Is 1659039 composite?
True
Is 91229 a prime number?
True
Is 20469 a composite number?
True
Is 10862 a prime number?
False
Is 496949 a composite number?
False
Is 12601 a prime number?
True
Is 8209 prime?
True
Is 21737 a prime number?
True
Is 654799 composite?
False
Is 4729 a prime number?
True
Is 91253 prime?
True
Is 941 prime?
True
Is 16627 a prime number?
False
Is 503131 prime?
True
Is 115117 a composite number?
False
Is 414377 composite?
True
Is 289319 a composite number?
False
Is 10453 prime?
True
Is 4971 composite?
True
Is 437033 composite?
False
Is 241195 a composite number?
True
Is 8819 a prime number?
True
Is 121 prime?
False
Is 277411 prime?
True
Is 265807 composite?
False
Is 13963 prime?
True
Is 570949 a prime number?
True
Is 1318 prime?
False
Is 142697 a prime number?
True
Is 252971 a prime number?
True
Is 764549 a composite number?
True
Is 10379 composite?
True
Is 172969 composite?
False
Is 51551 a prime number?
True
Is 34739 prime?
True
Is 5981 prime?
True
Is 44035 composite?
True
Is 2766329 a composite number?
False
Is 15193 a prime number?
True
Is 392477 prime?
True
Is 18787 a prime number?
True
Is 2327 a prime number?
False
Is 2154533 composite?
False
Is 13021 a prime number?
False
Is 234713 composite?
False
Is 1849841 composite?
True
Is 284263 composite?
True
Is 559807 prime?
True
Is 2521 composite?
False
Is 438203 composite?
False
Is 810551 a prime number?
False
Is 8157 a prime number?
False
Is 497 prime?
False
Is 46963 composite?
True
Is 6589 composite?
True
Is 3227833 a prime number?
False
Is 1322 a prime number?
False
Is 2017955 prime?
False
Is 937 composite?
False
Is 34647 a composite number?
True
Is 2294503 a composite number?
True
Is 56138 prime?
False
Is 14057 a composite number?
False
Is 1011641 composite?
False
Is 35489 a prime number?
False
Is 45419 prime?
False
Is 6659 prime?
True
Is 42239 prime?
True
Is 735685 a composite number?
True
Is 16519 a prime number?
True
Is 394861 prime?
True
Is 272471 prime?
False
Is 67701 a prime number?
False
Is 39361 composite?
True
Is 19801 a composite number?
False
Is 8173 composite?
True
Is 13939 prime?
False
Is 471353 a prime number?
True
Is 7318 composite?
True
Is 2661991 a composite number?
False
Is 399653 composite?
True
Is 1419611 a composite number?
False
Is 1098953 a composite number?
False
Is 155362 prime?
False
Is 149869 a prime number?
False
Is 862859 prime?
False
Is 7033 a prime number?
False
Is 995983 prime?
True
Is 35057 a prime number?
False
Is 1628983 composite?
False
Is 1709 a composite number?
False
Is 24257 prime?
False
Is 2212781 a prime number?
True
Is 1007003 a composite number?
True
Is 30341 a composite number?
False
Is 515507 composite?
False
Is 24257 composite?
True
Is 242551 a composite number?
False
Is 50603 prime?
False
Is 696793 composite?
False
Is 65003 composite?
False
Is 95461 a composite numb